digit of z?
3
What is the hundreds digit of -5*(1/(-4) - (-5271)/(-84))?
3
Let h be 48/(-84) + (-157)/7. Let m be (-1)/(-2) + 137/2. Let y = h + m. What is the units digit of y?
6
Let q(o) = o**2 + o + 3. Let p(c) = c. Let h(l) = -5*l - 10. Let j(t) = -h(t) - 3*p(t). Let n be j(-8). What is the units digit of q(n)?
3
Suppose -28*g = -8*g - 14100. What is the units digit of g?
5
Let a(y) = y**3 + 9*y**2 - 12*y - 11. Let n be a(-10). Let l = 66 + n. Suppose -5*v = -0 - l. What is the units digit of v?
5
Suppose 2*t = -3*t + 55. Let m = -74 + 69. Let n = t + m. What is the units digit of n?
6
Let c(s) = 2*s - 4. Suppose -5*x - 31 = -2*w, 4*x - 5*w + 32 + 3 = 0. Let o be c(x). Let y = 12 - o. What is the tens digit of y?
2
Suppose -4*v + 190 = 2*y + v, -4*y - v = -416. Suppose -7*i + 2*i = -y. What is the tens digit of i?
2
What is the tens digit of -60*(-146)/14 + 84/294?
2
Let w(i) = 20*i**3 - 3*i**2 - 4*i + 1. Let m(c) = -c**2 - c. Let t(b) = -3*m(b) + w(b). Let o be 2*-2 - (5 - 10). What is the tens digit of t(o)?
2
Suppose -3*g + 34 = 5*a, 0*a = 2*a + 2. Let t(u) = -u**2 + 14*u + 2. Let c be t(g). Suppose -j = -1 - c. What is the tens digit of j?
1
Let p = 13 + -17. Let k = p - -152. What is the units digit of k?
8
Suppose 6*g = 8449 + 2315. What is the tens digit of g?
9
Let b be (-60)/14*21/18*-4. Suppose -4*z + 5*v + 585 = 0, 6*v - 2*v = -b. What is the tens digit of z?
4
Suppose 8*f - 4709 = 2955. What is the units digit of f?
8
Let f(v) = 0*v**3 - 7*v**2 + 1 - v**3 + 11*v + 1. What is the units digit of f(-9)?
5
Suppose -10*q = -6*q + 508. Let v = 185 + q. What is the units digit of v?
8
Let d = 276 - 62. What is the units digit of d?
4
Suppose -40 = 3*v + 5*q - 186, 2*q + 238 = 4*v. What is the units digit of v?
7
Let x = -7 - -12. Suppose -24 = -x*p + 11. Suppose -o + p = -5. What is the tens digit of o?
1
Suppose 3*p = 5*p - 874. What is the tens digit of p?
3
Suppose -8 = -5*n + 2. Suppose 5*v = 4*v - a + 59, n*a = -3*v + 179. What is the tens digit of v?
6
Let l = 3792 + 679. What is the units digit of l?
1
Suppose -3*v = -8*v - 420. Let n = v - -222. What is the units digit of n?
8
Let a = -354 - -634. Suppose -3*d - 2*d = -a. What is the units digit of d?
6
Let x(t) = 5 - 7*t + 4*t + t**3 + 1. Suppose 2*r = -4*l - 6, 4*r + 3*l = 2*r - 3. What is the tens digit of x(r)?
2
Let r(d) = d**2 - 5*d - 44. Suppose -4*g + 61 = 5*l - 6*g, 0 = -4*l + 5*g + 42. What is the units digit of r(l)?
0
Suppose v = -11*d + 13*d - 1273, -4*d + 2541 = 3*v. What is the tens digit of d?
3
Let r(c) = c + 6. Let x be r(-4). Suppose -n + 12 = -x. What is the units digit of n?
4
Let w(o) = 40*o**2 + 25*o + 52. What is the tens digit of w(-10)?
0
What is the units digit of 9 + -23 - -18 - 2398/(-2)?
3
Suppose -167 + 160 = -h. Let o = -141 + 98. Let z = h - o. What is the tens digit of z?
5
Let c(o) = -7*o - 9. Let d(v) = 4*v + 5. Let l = -7 + 10. Let f(p) = l*c(p) + 5*d(p). What is the units digit of f(-11)?
9
Let k(i) be the second derivative of -i**5/20 - 5*i**4/12 - 2*i**3/3 + 3*i**2 + 2*i. What is the units digit of k(-4)?
6
Let y(r) = r**2 - 11*r + 12. Let b(h) = h**3 - 6*h**2 - 4*h - 8. Let x be b(7). What is the tens digit of y(x)?
3
What is the tens digit of (1005/(-25))/((-7)/70)?
0
Let u be 120/32*(-80)/(-6). Suppose -7*h + u = -2*h. What is the units digit of (-5)/(-25) + 628/h?
3
Suppose -r - 5*k = -439, 3*r + 5*k = 3*k + 1291. What is the tens digit of r?
2
Let f(q) = -q**2 + 14*q + 14. Let d(c) = 17*c**3 + 2*c - 2. Let x be d(1). Suppose i + 3*a - x = 4*a, -5*i = 4*a - 40. What is the units digit of f(i)?
8
Let n be 5/((-40)/(-1014))*-4. Let d = -278 - n. What is the hundreds digit of d?
2
What is the hundreds digit of 3 - (-103044)/40 - 3/30?
5
Let m(r) be the second derivative of -r**5/20 + 2*r**4/3 + r**3/6 + r**2 + 15*r. What is the tens digit of m(7)?
5
What is the hundreds digit of (93/9 - 3)*45?
3
Let g(r) = -r**2 - 43*r - 217. What is the units digit of g(-32)?
5
Suppose 0*z - 4*t = -2*z + 342, -5*z + 3*t + 827 = 0. Suppose -50 = -d + z. What is the tens digit of d?
1
Let k(i) be the first derivative of -i**2/2 + 42*i + 6. Let c(u) = -2*u**3 + u**2 + 3*u - 1. Let v be c(-2). What is the units digit of k(v)?
9
What is the units digit of (72/(-7))/((-18)/126)?
2
Let u = 2443 + -1623. What is the units digit of u?
0
Let b(w) = -w**3 + 5*w**2 + 7*w - 4. Let o be b(6). What is the hundreds digit of (-16)/12*1/(o/(-171))?
1
Let g = 574 - 512. What is the units digit of g?
2
Let k = -8 - -11. Suppose 4*a + 3*n - 56 = 0, -k*n - n = 5*a - 71. Let q = 23 - a. What is the units digit of q?
2
Suppose n - 32 = 5*n. Let b(q) = q**2 + 7*q - 4. Let g be b(n). Suppose g*k + 4 = -4*i + 80, 2*i + 5*k - 38 = 0. What is the tens digit of i?
1
Let z(g) = 23*g + 81. Let a be z(0). Let s be ((-1)/(-2))/(1/34). Suppose -2*d - s = -a. What is the tens digit of d?
3
Suppose 0 = -m - 30 - 6. What is the tens digit of ((-18)/m)/(2/68)?
1
Let x(o) = o**2 + 9*o + 4. Let s be x(-9). Let q be (10/8)/(5/20). Suppose s*c = 41 - q. What is the units digit of c?
9
Suppose 6*j + 165 = 11*j. Let g = j + 146. What is the units digit of g?
9
What is the hundreds digit of (-2)/3*(4 + -185 + -2)?
1
Let r = -80 - -85. Suppose -r*c + 674 = 2*k, 2*k = -c - c + 272. What is the units digit of c?
4
Let r = 851 + -401. What is the hundreds digit of r?
4
Let c(r) = 2*r - 1. Let j be c(3). Suppose 0 = -j*t - 10 - 15, 5*h - 45 = -2*t. Let z(b) = -b**2 + 12*b + 3. What is the tens digit of z(h)?
1
Let f(m) = -m + 8. Let o be f(5). Let u be 30/o*(-1)/(-2). Suppose 0 = -0*z - u*z + 220. What is the units digit of z?
4
Let v(h) = -719*h - 81. What is the thousands digit of v(-5)?
3
Suppose 0 = 4*k - 7*k - 2*w + 619, 2*k + 4*w - 418 = 0. What is the units digit of k?
5
Let i(x) = x + 7. Let t be i(-6). Let j(f) = 69*f - 3. What is the tens digit of j(t)?
6
Let k(d) = 2*d**2 + 3*d - 2. Let p be k(-3). Let o = 7 - p. Suppose -s - 14 + 40 = o. What is the units digit of s?
6
Let t(w) = w**2 - 2*w - 19. Let a(r) = -r**2 + r + 10. Let y(q) = -5*a(q) - 3*t(q). What is the hundreds digit of y(8)?
1
Let c = -4807 - -6951. What is the units digit of c?
4
Let c = -4 + 1. Let a be 3/c*(1 + -6). Suppose 2*v - 2*n = -4*n + 32, 0 = -5*v + a*n + 40. What is the units digit of v?
2
Let s(x) = x**2 - 6 + 0 - x**3 + 1 + 5*x. Let t be ((-8)/10)/(4/(-10)). What is the units digit of s(t)?
1
Suppose -4*o = -2*m + 9 - 29, 0 = 2*m. Suppose o*l + 47 = -13. What is the units digit of 2/6 - 104/l?
9
Let q(t) be the second derivative of t**5/20 + 5*t**4/6 - t**3 - 5*t**2/2 - t. Let k(p) = p**2 - 17*p + 6. Let b be k(16). What is the tens digit of q(b)?
5
Let f(d) = -d**2 - 29*d - 24. Let z be f(-28). Suppose 840 = z*t - b, -7*t = -8*t - 5*b + 189. What is the hundreds digit of t?
2
Suppose -6 = 10*b + 14. What is the hundreds digit of -323*((4 + -2)/b)/1?
3
Let t(b) = -b**2 + 4*b + 12. Let o be t(6). Let a(s) = s + 12. Let c(i) = -i - 11. Let q(n) = 7*a(n) + 6*c(n). What is the tens digit of q(o)?
1
Suppose 35 = -i + 2*i. Suppose 2*q + i = -11. Let y = 33 + q. What is the units digit of y?
0
Let f(m) be the first derivative of 7*m + 1/3*m**3 - 7 - 1/2*m**2. What is the tens digit of f(7)?
4
Let y = 7 + -10. Let z be 36*y*(-4)/18. Suppose 2*j - z = -j. What is the units digit of j?
8
Let j = 1627 - 1111. What is the units digit of j?
6
Let t(n) = 2*n**2 - 4. Let f = 23 + -28. Let a be t(f). What is the tens digit of 1*(a + -3) - -2?
4
Suppose 5*f + 5 = -5*q, -5*f + 4*f - 9 = -3*q. Let h be (-410)/(-8) - q/8. What is the units digit of (-1 - -3)/(2/h)?
1
Let k(w) be the second derivative of -w**5/20 + 7*w**4/12 - w**3/3 + 5*w**2/2 + 3*w. What is the tens digit of k(5)?
4
Suppose 96*u = 318537 + 80247. What is the thousands digit of u?
4
What is the thousands digit of 260/(-26)*1074/(-10)?
1
Let y(m) = 22*m**2 - 11*m - 12. What is the units digit of y(7)?
9
What is the hundreds digit of (153/15)/(9/(-540)*-2)?
3
Let n be (-11)/(-4) - (-6)/24. What is the units digit of (n/2 - 1)*2?
1
Suppose -48 - 48 = 2*z. What is the tens digit of (-1 - 2)*z/9?
1
Let x(j) = 3*j**3 - 8*j**2 + 16*j + 9. What is the tens digit of x(6)?
6
Let r(a) = -4*a**3 - 3*a**2 + 2*a + 1. Suppose -2*u = -u - 2. Let w be r(u). Let y = 10 - w. What i